{"id":417,"date":"2015-07-09T06:23:16","date_gmt":"2015-07-09T06:23:16","guid":{"rendered":"http:\/\/cinderella.stylemixthemes.com\/demo\/?page_id=417"},"modified":"2021-05-03T00:18:07","modified_gmt":"2021-05-02T21:18:07","slug":"vacancies","status":"publish","type":"page","link":"https:\/\/rnkuafor.com\/index.php\/about-us\/vacancies\/","title":{"rendered":"Hakk\u0131m\u0131zda"},"content":{"rendered":"<p>[vc_row css=&#8221;.vc_custom_1436956484857{margin-bottom: 70px !important;}&#8221;][vc_column width=&#8221;1\/4&#8243; offset=&#8221;vc_hidden-sm vc_hidden-xs&#8221;][\/vc_column][vc_column offset=&#8221;vc_col-lg-9 vc_col-md-9&#8243;][vc_custom_heading type=&#8221;theme_style&#8221; text=&#8221;RN KUAF\u00d6R&#8217;DE KEND\u0130N\u0130Z\u0130 \u015eIMARTIN!&#8221; font_container=&#8221;tag:h3|text_align:left|color:%230a2045&#8243; google_fonts=&#8221;font_family:Arimo%3Aregular%2Citalic%2C700%2C700italic|font_style:700%20bold%20regular%3A700%3Anormal&#8221; css=&#8221;.vc_custom_1532673231365{margin-bottom: 10px !important;}&#8221;][vc_column_text]Salonumuz RN Kuaf\u00f6r 2011 y\u0131l\u0131nda faaliyete ge\u00e7mi\u015ftir. Salon sahibi Ramazan Dokazo\u011flu 21 y\u0131ll\u0131k mesleki tecr\u00fcbesi ve uzman ekibi ile birlikte hizmet vermektedir.<\/p>\n<p>Hedefleri ve iddalar\u0131 olan bir ekibiz.<\/p>\n<p>Hijyen, estetik, g\u00fclery\u00fcz ve samimiyet felsefemizdir.<\/p>\n<p>RN Kuaf\u00f6r salonumuzda ki\u015fiye \u00f6zel hizmet sunulur ve ilk defa gelen m\u00fc\u015fterimiz i\u00e7in m\u00fc\u015fteri kayd\u0131 a\u00e7\u0131larak \u00a0sisteme kay\u0131t edilir. Bak\u0131m geli\u015fimi takip edilip en iyi hizmeti almas\u0131 sa\u011flan\u0131r. Salonumuza geldi\u011finizde ki\u015fisel tercihiniz ve istekleriniz do\u011frusunda sa\u00e7 stili konusunda size \u00f6zg\u00fcn tavsiyede bulunuruz. Bunun yan\u0131 s\u0131ra prensibimiz m\u00fc\u015fteri memnuniyeti odakl\u0131d\u0131r ve salonumuzda ba\u015fta gelen ilkelerimizden en \u00f6nemli ise sa\u00e7\u0131n sa\u011fl\u0131\u011f\u0131d\u0131r.<\/p>\n<p>Siz de\u011ferli m\u00fc\u015fterimize sa\u00e7\u0131n sa\u011fl\u0131\u011f\u0131 g\u00f6zden ge\u00e7irilip i\u015flem s\u0131ras\u0131 ve uygulamalar hakk\u0131nda bilgi verilir. Kulland\u0131\u011f\u0131m\u0131z \u00fcr\u00fcnlerin kalitesi ile m\u00fc\u015fteri memnuniyetini kusursuz k\u0131lar\u0131z.<\/p>\n<p>\u0130\u015flem sonras\u0131nda sa\u00e7 sa\u011fl\u0131\u011f\u0131n\u0131n korunmas\u0131 i\u00e7in kaliteli ve sa\u00e7a uygun olarak \u00fcr\u00fcnler hakk\u0131nda bilgi verilir. RN Kuaf\u00f6r m\u00fc\u015fterinin memnuniyetinin devaml\u0131l\u0131\u011f\u0131 i\u00e7in son trendlere hakim olmak a\u00e7\u0131s\u0131ndan e\u011fitim \u00e7al\u0131\u015fmalar\u0131 devam etmektedir. Bu e\u011fitimler sa\u00e7 \u015fekillendirme, sa\u00e7 renklendirme, sa\u00e7 analizi, ki\u015fisel makyaj olarak say\u0131l\u0131r.<\/p>\n<p>Biz sadece m\u00fc\u015fterileri olan bir ticarethane de\u011fil, ayn\u0131 zamanda dostluk sevgi ve g\u00fcven olu\u015fmu\u015f b\u00fcy\u00fck bir aileyiz. Kap\u0131m\u0131z sizler i\u00e7in sonuna kadar a\u00e7\u0131kt\u0131r.<\/p>\n<blockquote><p><em>Buyrun sizlerde bu b\u00fcy\u00fck ailenin bir par\u00e7as\u0131 olun.<\/em><\/p><\/blockquote>\n<p>\u0130nan\u0131yoruz ki bizleri dostlar\u0131n\u0131za anlatacak kadar seveceksiniz.[\/vc_column_text][\/vc_column][\/vc_row]<\/p>\n","protected":false},"excerpt":{"rendered":"<p>[vc_row css=&#8221;.vc_custom_1436956484857{margin-bottom: 70px !important;}&#8221;][vc_column width=&#8221;1\/4&#8243; offset=&#8221;vc_hidden-sm vc_hidden-xs&#8221;][\/vc_column][vc_column offset=&#8221;vc_col-lg-9 vc_col-md-9&#8243;][vc_custom_heading type=&#8221;theme_style&#8221; text=&#8221;RN KUAF\u00d6R&#8217;DE KEND\u0130N\u0130Z\u0130 \u015eIMARTIN!&#8221; font_container=&#8221;tag:h3|text_align:left|color:%230a2045&#8243; google_fonts=&#8221;font_family:Arimo%3Aregular%2Citalic%2C700%2C700italic|font_style:700%20bold%20regular%3A700%3Anormal&#8221; css=&#8221;.vc_custom_1532673231365{margin-bottom: 10px !important;}&#8221;][vc_column_text]Salonumuz RN Kuaf\u00f6r 2011 y\u0131l\u0131nda faaliyete ge\u00e7mi\u015ftir. Salon sahibi Ramazan Dokazo\u011flu 21 y\u0131ll\u0131k mesleki tecr\u00fcbesi ve uzman ekibi ile birlikte hizmet vermektedir. Hedefleri ve iddalar\u0131 olan bir ekibiz. Hijyen, estetik, g\u00fclery\u00fcz ve samimiyet felsefemizdir. RN Kuaf\u00f6r salonumuzda [&hellip;]<\/p>\n","protected":false},"author":1,"featured_media":0,"parent":394,"menu_order":0,"comment_status":"closed","ping_status":"closed","template":"","meta":{"_joinchat":[],"footnotes":""},"class_list":["post-417","page","type-page","status-publish","hentry"],"_links":{"self":[{"href":"https:\/\/rnkuafor.com\/index.php\/wp-json\/wp\/v2\/pages\/417","targetHints":{"allow":["GET"]}}],"collection":[{"href":"https:\/\/rnkuafor.com\/index.php\/wp-json\/wp\/v2\/pages"}],"about":[{"href":"https:\/\/rnkuafor.com\/index.php\/wp-json\/wp\/v2\/types\/page"}],"author":[{"embeddable":true,"href":"https:\/\/rnkuafor.com\/index.php\/wp-json\/wp\/v2\/users\/1"}],"replies":[{"embeddable":true,"href":"https:\/\/rnkuafor.com\/index.php\/wp-json\/wp\/v2\/comments?post=417"}],"version-history":[{"count":7,"href":"https:\/\/rnkuafor.com\/index.php\/wp-json\/wp\/v2\/pages\/417\/revisions"}],"predecessor-version":[{"id":1217,"href":"https:\/\/rnkuafor.com\/index.php\/wp-json\/wp\/v2\/pages\/417\/revisions\/1217"}],"up":[{"embeddable":true,"href":"https:\/\/rnkuafor.com\/index.php\/wp-json\/wp\/v2\/pages\/394"}],"wp:attachment":[{"href":"https:\/\/rnkuafor.com\/index.php\/wp-json\/wp\/v2\/media?parent=417"}],"curies":[{"name":"wp","href":"https:\/\/api.w.org\/{rel}","templated":true}]}}